39 = -15*q. Calculate the highest common divisor of q and 49.
49
Let b = 39 + -25. Let x be (-10)/70 + 296/b. Let q be 342/x - 4/14. Calculate the greatest common factor of 112 and q.
16
Let g(d) = d - 13. Let x be g(19). Let f(v) = 2*v**2 + 7*v + 5. Let c be f(x). What is the greatest common divisor of 17 and c?
17
Let o(v) = -v + 18. Let z be o(15). Suppose 2*j = -3*g - j + 54, -z*j = 9. Calculate the greatest common divisor of g and 84.
21
Let r(k) = -k**2 - 6*k - 3. Let l be r(-5). Suppose 99 = 5*f - l*f. Let i(q) = -q - 3. Let z be i(-6). Calculate the greatest common divisor of f and z.
3
Suppose -3*s + 2*s = -11. Let t(p) = p**3 + 13*p - 6 - s*p**2 + 6*p**2 - 3*p. Let g be t(5). What is the greatest common factor of g and 11?
11
Let z be (-306)/(-13) + (-72)/(-156). Suppose 35 = -5*y + 5*u, 2*u - 14 = -3*y - 2*u. Let a be ((-4)/3)/(y/18). What is the greatest common factor of z and a?
12
Let s = 176 - 144. Calculate the highest common divisor of 8 and s.
8
Let r be 0 + 42 + 0/2. Let i be ((-48)/(-10))/(-6) + (-102)/(-15). Calculate the highest common divisor of i and r.
6
Suppose 0 = -5*h + 5*z - 95, h - 2*h - 22 = 2*z. Let k be ((-9)/12)/(1/h) - 3. Calculate the highest common factor of k and 84.
12
Let o be (1 - 2)/((-2)/20). Let b(w) = 40*w**2 + 26*w + 2. Let s be b(-2). Calculate the highest common divisor of o and s.
10
Let a(g) = 36*g**2 - 2*g - 2. Let x be a(-1). Suppose -5*y - 26 = -71. Calculate the highest common divisor of x and y.
9
Let h(s) = s**3 - 4*s**2 - s - 10. Let o be h(7). Let b(k) = k**3 - 8*k**2 - 17*k + 22. Let u be b(10). What is the highest common divisor of u and o?
26
Suppose 3*v - 4*a + 3*a - 76 = 0, 3*v + a - 80 = 0. Suppose -2*s - v = -3*s. Let i be (s/39)/((-4)/(-54)). Calculate the highest common divisor of 45 and i.
9
Let p be 1*-2*(-2 + 1). Let l = p + 14. What is the greatest common factor of l and 4?
4
Let l be 73/4 - (-1)/(-4). Let h = 1554 - 1500. What is the highest common factor of h and l?
18
Suppose 2*p + 367 = 21*n - 16*n, 5*p - 20 = 0. What is the highest common divisor of n and 27?
3
Suppose -63*w + 3 = -60*w. Let a = w + 2. What is the greatest common divisor of 9 and a?
3
Suppose -5*y + 335 = -4*y. Suppose -4*l + i = -726, -438 = -3*l + 5*i + 98. Let z = y - l. Calculate the highest common factor of z and 17.
17
Suppose 0*p = -6*p + 120. What is the greatest common divisor of p and 28?
4
Suppose 0 = 19*r - 23*r + 220. What is the greatest common factor of r and 2475?
55
Let n(f) = -f**3 - 34*f**2 + 82*f + 77. Let t be n(-37). Calculate the greatest common factor of 50 and t.
50
Let t(m) = -5*m**3 + m**2 + m. Let p be t(-1). Suppose p*d - 122 = 23. Let c be 1*(-2 - -1) + d. Calculate the highest common factor of c and 308.
28
Suppose -n + 6*n = 0. Suppose -2*c + 3 = u, -4*u + 8*u = -12. Suppose n = p - 8 - c. Calculate the greatest common factor of p and 1.
1
Suppose 26*a + 40 = 28*a. Let q(n) = -12*n**3 + n**2. Let i be q(1). Let v = i + 19. What is the highest common factor of v and a?
4
Let n(r) = r - 2. Let g be n(2). Suppose -y - u = 3 - 4, 3*u + 12 = g. Suppose y = -7*f + 8*f. What is the highest common divisor of 20 and f?
5
Suppose -5*g + 123 + 12 = 0. Suppose -12 = g*i - 29*i. What is the greatest common divisor of 24 and i?
6
Let t be 6/(4/8*4). Suppose 0 = -r - t*r + 72. Suppose -6*k + 7*k - 9 = 0. What is the highest common divisor of r and k?
9
Let d be ((-72)/15)/(-6)*5. Suppose 0*x - d*x = 32. Let k be 2*(6 + -4 - x). What is the highest common factor of 50 and k?
10
Let q(z) = 32*z - 67. Let d be q(3). What is the highest common factor of 261 and d?
29
Let l be (-633)/(-33) + (-6)/33. Let c = 3 + l. Calculate the highest common factor of c and 33.
11
Suppose 3*s = -5*x + 172, -52 = -2*x - 3*s + 24. Calculate the highest common factor of 4 and x.
4
Suppose -35 + 11 = -v. Let r = 72 - v. Suppose 3*i = 4*b + 34, -21 = -i + 5*b + 5. What is the greatest common factor of r and i?
6
Let c = -8 + 11. Suppose 5*h - 710 = 5*o, -2*o + c*o + 430 = 3*h. Suppose -155 + 623 = 26*t. Calculate the highest common divisor of t and h.
18
Let q(o) = 23*o**2 + 8*o - 4. Let l be q(1). What is the greatest common divisor of l and 342?
9
Suppose 4*i - 32 = 40. Let y = -25 - -33. Let x = i - y. Calculate the greatest common divisor of 100 and x.
10
Let u(i) = 3*i**2 + 98*i - 17. Let m be u(-33). What is the highest common divisor of m and 68?
4
Let m = 23 - 8. Suppose -2*f + 30 = -2*v + 6*v, -3*f = 3*v - 45. What is the highest common divisor of m and f?
15
Let y be (1 - (-18)/(-10)) + 2699/5. Calculate the greatest common factor of y and 196.
49
Let n(c) = c**2 + 7*c - 21. Let b = -64 + 51. Let k be n(b). Calculate the greatest common factor of k and 38.
19
Let o(q) = q**3 - 3*q**2 + q + 66. Let i be o(0). What is the greatest common factor of i and 66?
66
Let w(l) = -13*l**3 + 3*l**2 + 13*l + 5. Let o be w(-2). Calculate the greatest common factor of 1520 and o.
95
Suppose -3*x = -x - 4. Suppose -x = -b + 1. Suppose 3*u - 35 = -5*s, 6*u = b*u - 4*s + 34. What is the greatest common factor of u and 4?
2
Suppose -5*v - 541 = -3*z, -6*v - 5*z = -3*v + 311. Let t be (-1 - v) + (1 + 1 - -2). Calculate the highest common factor of 10 and t.
10
Suppose 2*c - 52 = v, -c + 11 = 2*v - 15. Let b(m) = 2*m**2 - 4*m + 4. Let k be b(5). Suppose 2*q + k = 164. What is the highest common factor of q and c?
13
Let t = 273 + -268. What is the greatest common divisor of t and 1?
1
Let g = -428 + 604. Calculate the highest common divisor of g and 64.
16
Let h(q) = -q**3 + 6*q**2 + 2*q - 34. Let s be h(4). Calculate the greatest common factor of s and 4.
2
Let j be (462/4)/(42/56). Calculate the greatest common divisor of j and 22.
22
Let m be 152/(-16) + 10 - (-382)/4. What is the highest common factor of m and 180?
12
Let n be -4*((-225)/(-12) - 4). Let k = n + 93. Calculate the highest common factor of 68 and k.
34
Suppose -4 = -2*y - 0, 4*b + 3*y = 98. Suppose 0 = -q + 4 + b. Suppose 3*a = -0*a + q. What is the highest common factor of 72 and a?
9
Let u be 2*4/(-10)*-1*565. Let t = u + -291. Calculate the highest common divisor of 23 and t.
23
Let h = 4 - 25. Let j be (112/24)/((-2)/h). What is the highest common divisor of j and 7?
7
Suppose 12*d + 743 = 3479. Calculate the highest common factor of 285 and d.
57
Let q(g) = 6*g - 33. Let p be q(11). Suppose -5*r + 12 = -r. Calculate the greatest common divisor of r and p.
3
Suppose -4*o - 5*v + 260 + 3169 = 0, 2*v = -6. Calculate the highest common divisor of 246 and o.
123
Let s be (10 + -8)/(-4)*-462. What is the highest common factor of 66 and s?
33
Suppose 3*b = 3*j - 12, -5*j - 2*b - b + 28 = 0. Suppose -6*u + 2*u - 27 = -x, 0 = j*x + 3*u - 20. Calculate the highest common divisor of x and 56.
7
Suppose 10*d - 5*r - 50 = 7*d, 2*r = -d + 24. What is the highest common factor of 50 and d?
10
Let q = 29 - 7. Let o be 724/30 + q/(-165). What is the greatest common divisor of 192 and o?
24
Suppose -7*x + 13*x - 42 = 0. Let p(w) = 4*w - 23. Let m be p(x). What is the greatest common divisor of 10 and m?
5
Suppose -5*s = -t - 26, 3*s = -4*t + 5 + 6. Calculate the highest common factor of 40 and s.
5
Let k = 44 + -26. Suppose -j - 2*j - k = 0. Let n = 7 + j. What is the highest common factor of 7 and n?
1
Let z be (19 - 60/10) + (-4 - -3). What is the greatest common divisor of z and 1158?
6
Let r be 90/(-9)*5/(-2). Let n = r - 14. Suppose -d = -n - 4. Calculate the greatest common divisor of 105 and d.
15
Let h = 37 + 143. Calculate the greatest common factor of 45 and h.
45
Suppose -s - 4*s = 90. Let y = s + 6. Let m = 17 + y. Calculate the highest common factor of 25 and m.
5
Suppose -6*t - 257 = -1187. Let b = t - 47. Calculate the greatest common divisor of b and 27.
27
Let h(g) = 2*g**3 + 62*g**2 + 58*g - 52. Let r be h(-30). Calculate the greatest common factor of 84 and r.
4
Let n be ((-76)/10)/((-4)/20). Suppose -o = -4*g + 154, 0*o + o - 74 = -2*g. Calculate the highest common divisor of g and n.
38
Suppose 4*p = 0, 3*p = 3*n + 2*p + 504. Let y = n + 258. What is the greatest common divisor of y and 36?
18
Suppose 8*a = 10*a, 630 = 2*p - 5*a. Calculate the highest common factor of 735 and p.
105
Let l be (4/(-10))/((-1)/(-20)). Let z = -8 - l. Suppose 4